ert 10 (base 5) to base 16.
5
Convert 106 (base 7) to base 2.
110111
-43 (base 16) to base 13
-52
20 (base 3) to base 6
10
Convert 0 (base 9) to base 5.
0
3022 (base 4) to base 6
534
12010 (base 3) to base 16
8a
-5 (base 12) to base 2
-101
What is -353 (base 7) in base 13?
-113
-1 (base 11) to base 3
-1
11010 (base 2) to base 8
32
2 (base 3) to base 11
2
7a (base 15) to base 10
115
4 (base 13) to base 5
4
What is -133 (base 8) in base 13?
-70
2 (base 11) to base 10
2
What is 106 (base 10) in base 11?
97
Convert 266 (base 8) to base 5.
1212
Convert 24 (base 8) to base 13.
17
-2 (base 14) to base 8
-2
-4 (base 11) to base 5
-4
Convert -22 (base 13) to base 11.
-26
-3c (base 16) to base 13
-48
What is 112 (base 4) in base 8?
26
-21211 (base 3) to base 8
-323
Convert -1 (base 13) to base 16.
-1
What is 213 (base 4) in base 9?
43
Convert 1 (base 8) to base 6.
1
2 (base 12) to base 2
10
What is 1 (base 12) in base 11?
1
What is 26 (base 7) in base 8?
24
Convert 2 (base 14) to base 15.
2
Convert 0 (base 12) to base 2.
0
What is -32 (base 4) in base 8?
-16
Convert 1 (base 15) to base 4.
1
-3 (base 14) to base 16
-3
What is -11 (base 12) in base 3?
-111
Convert a (base 16) to base 14.
a
-26 (base 13) to base 12
-28
Convert -1b (base 13) to base 4.
-120
Convert -200 (base 3) to base 11.
-17
a9 (base 14) to base 11
126
6 (base 8) to base 2
110
Convert 23 (base 15) to base 3.
1020
-86 (base 9) to base 8
-116
Convert 10 (base 4) to base 3.
11
115 (base 13) to base 10
187
-101100 (base 2) to base 6
-112
What is 16 (base 8) in base 5?
24
What is -84 (base 13) in base 7?
-213
What is 0 (base 5) in base 9?
0
What is 2 (base 13) in base 5?
2
Convert -124 (base 8) to base 16.
-54
What is 14 (base 9) in base 16?
d
Convert -30 (base 16) to base 12.
-40
What is 1c9 (base 13) in base 2?
101001110
What is 20 (base 5) in base 6?
14
53 (base 13) to base 16
44
What is ce (base 16) in base 3?
21122
Convert -1100 (base 4) to base 3.
-2222
21 (base 3) to base 4
13
What is -2 (base 12) in base 11?
-2
What is -123 (base 5) in base 4?
-212
Convert -203 (base 9) to base 14.
-bb
-15 (base 8) to base 2
-1101
0 (base 16) to base 5
0
-10 (base 10) to base 3
-101
Convert 5 (base 8) to base 5.
10
Convert -12 (base 10) to base 8.
-14
What is -6 (base 13) in base 6?
-10
Convert 47 (base 8) to base 16.
27
What is 14 (base 10) in base 7?
20
Convert -1 (base 7) to base 9.
-1
What is 131 (base 4) in base 16?
1d
32 (base 14) to base 4
230
Convert 2 (base 11) to base 8.
2
-102 (base 6) to base 8
-46
What is 11 (base 3) in base 15?
4
Convert -17 (base 9) to base 8.
-20
What is 1 (base 8) in base 12?
1
-2132 (base 4) to base 9
-185
Convert 210 (base 3) to base 5.
41
Convert 20 (base 16) to base 9.
35
Convert 13 (base 5) to base 12.
8
Convert 111 (base 2) to base 4.
13
-1212 (base 3) to base 14
-38
-4 (base 5) to base 3
-11
What is 54 (base 12) in base 9?
71
Convert 0 (base 9) to base 10.
0
Convert 154 (base 6) to base 15.
4a
What is 3 (base 7) in base 13?
3
Convert -11 (base 8) to base 10.
-9
Convert 20 (base 6) to base 14.
c
Convert -3 (base 10) to base 16.
-3
1110 (base 2) to base 7
20
Convert -92 (base 11) to base 12.
-85
-23 (base 8) to base 6
-31
What is ce (base 15) in base 4?
3002
6 (base 10) to base 6
10
Convert -2 (base 12) to base 4.
-2
-22 (base 12) to base 8
-32
-11010 (base 2) to base 13
-20
What is 15 (base 12) in base 13?
14
1012 (base 3) to base 16
20
What is 2c (base 14) in base 3?
1111
What is -10 (base 12) in base 5?
-22
What is -2 (base 7) in base 4?
-2
What is 22 (base 15) in base 16?
20
What is -22 (base 14) in base 8?
-36
6 (base 11) to base 3
20
Convert -505 (base 6) to base 5.
-1220
Convert 17 (base 8) to base 14.
11
Convert 54 (base 15) to base 3.
2221
c (base 16) to base 4
30
What is 651 (base 7) in base 13?
1c5
What is -225 (base 7) in base 10?
-117
Convert -2 (base 11) to base 16.
-2
What is 2 (base 7) in base 6?
2
Convert -11 (base 9) to base 2.
-1010
What is 240 (base 7) in base 11?
105
What is 23 (base 4) in base 14?
b
Convert 21 (base 15) to base 4.
133
What is -ad (base 16) in base 5?
-1143
141 (base 5) to base 12
3a
What is 333 (base 6) in base 15?
89
Convert -64 (base 8) to base 16.
-34
What is 1110 (base 4) in base 10?
84
-41 (base 9) to base 2
-100101
Convert 4 (base 5) to base 3.
11
Convert -10 (base 8) to base 10.
-8
What is 160 (base 14) in base 3?
101101
Convert -263 (base 9) to base 2.
-11011011
Convert 115 (base 7) to base 2.
111101
Convert 5 (base 10) to base 2.
101
2 (base 6) to base 14
2
Convert 10 (base 2) to base 15.
2
Convert 1002 (base 4) to base 5.
231
What is -52 (base 7) in base 2?
-100101
29 (base 14) to base 6
101
Convert 10 (base 3) to base 9.
3
Convert 29 (base 14) to base 16.
25
Convert -a (base 15) to base 5.
-20
What is -1 (base 6) in base 12?
-1
Convert -110 (base 4) to base 6.
-32
Convert -15 (base 16) to base 4.
-111
What is -32 (base 8) in base 3?
-222
1 (base 5) to base 15
1
What is -4 (base 12) in base 7?
-4
Convert 24 (base 15) to base 10.
34
Convert 9 (base 16) to base 12.
9
-8e (base 15) to base 13
-a4
Convert -1011 (base 2) to base 8.
-13
31 (base 8) to base 3
221
312 (base 9) to base 8
376
-20 (base 3) to base 13
-6
Convert -1011 (base 2) to base 6.
-15
What is 101111000 (base 2) in base 7?
1045
What is 103 (base 9) in base 15?
59
Convert -13 (base 7) to base 13.
-a
What is -5 (base 15) in base 3?
-12
Convert 6 (base 11) to base 5.
11
5 (base 11) to base 13
5
Convert 23 (base 5) to base 8.
15
Convert -12 (base 16) to base 13.
-15
Convert 0 (base 15) to base 13.
0
0 (base 13) to base 14
0
What is -8 (base 14) in base 3?
-22
2103 (base 4) to base 12
103
What is 2 (base 5) in base 14?
2
32 (base 12) to base 15
28
-3 (base 5) to base 8
-3
Convert 1 (base 14) to base 2.
1
-144 (base 6) to base 8
-100
Convert 161 (base 8) to base 7.
221
2 (base 6) to base 13
2
-5 (base 8) to base 4
-11
What is -10 (base 7) in base 16?
-7
What is -13 (base 11) in base 7?
-20
-10100000 (base 2) to base 5
-1120
What is -132 (base 8) in base 13?
-6c
What is 3201 (base 4) in base 7?
441
3 (base 4) to base 8
3
-122 (base 4) to base 10
-26
Convert -2111 (base 5) to base 9.
-342
-12 (base 11) to base 3
-111
0 (base 10) to base 14
0
0 (base 6) to base 16
0
12 (base 9) to base 5
21
What is -7 (base 11) in base 4?
-13
Convert 0 (base 3) to base 11.
0
-2101 (base 3) to base 2
-1000000
Convert 1 (base 13) to base 5.
1
Convert 2031 (base 4) to base 16.
8d
Convert -b (base 13) to base 9.
-12
Convert 5 (base 6) to base 16.
5
-4 (base 9) to base 11
-4
Convert -34 (base 5) to base 9.
-21
11012 (base 3) to base 9
135
Convert 223 (base 4) to base 13.
34
Convert 1100 (base 2) to base 13.
c
148 (base 9) to base 10
125
Convert 0 (base 3) to base 10.
0
3 (base 4) to base 16
3
Convert 7 (base 11) to base 10.
7
Convert -9 (base 10) to base 12.
-9
What is 2d (base 16) in base 8?
55
3 (base 4) to base 9
3
Convert 10002 (base 3) to base 2.
1010011
Convert -3 (base 5) to base 8.
-3
What is 1200 (base 3) in base 16?
2d
Convert 162 (base 9) to base 5.
1022
-bf (base 16) to base 15
-cb
354 (base 7) to base 4
2322
Convert 141 (base 5) to base 10.
46
What is 10001 (base 3) in base 14?
5c
What is 11 (base 7) in base 14?
8
Convert 13 (base 9) to base 16.
c
0 (base 5) to base 15
0
What is 4 (base 15) in base 8?
4
Convert 38 (base 11) to base 3.
1112
Convert 52 (base 10) to base 8.
64
Convert -5 (base 7) to base 13.
-5
What is -a (base 13) in base 3?
-101
What is f0 (base 16) in base 6?
1040
2210 (base 3) to base 4
1023
Convert -6 (base 7) to base 9.
-6
Convert -1011 (base 4) to base 2.
-1000101
Convert -1 (base 12) to base 5.
-1
31 (base 10) to base 5
111
Convert 101 (base 2) to base 10.
5
5 (base 7) to base 16
5
What is -32 (base 7) in base 8?
-27
What is -102121 (base 3) in base 7?
-625
20 (base 3) to base 13
6
Convert 17 (base 13) to base 15.
15
What is b (base 16) in base 5?
21
15 (base 15) to base 6
32
Convert -114 (base 14) to base 9.
-257
23 (base 9) to base 10
21
3 (base 6) to base 7
3
2 (base 3) to base 10
2
-38 (base 10) to base 13
-2c
21 (base 14) to base 15
1e
20 (base 3) to base 10
6
Convert -10 (base 10) to base 14.
-a
What is -1212 (base 4) in base 6?
-250
Convert 1 (base 14) to base 8.
1
What is 30 (base 8) in base 16?
18
Convert -1 (base 2) to base 10.
-1
What